(-3)/(-8)) - 0. Let x(b) = b**3 - b**2 - 2*b + 4. Let g be x(1). Suppose -p = -g*y + 4. List the prime factors of y.
2, 3
Suppose 0*w + 3*w - 4*z = -1531, 2*w + 1032 = -3*z. Let k = 1559 - w. Suppose 14*o = -k + 6216. What are the prime factors of o?
2, 37
Let d(u) be the first derivative of -u**3/3 - u**2 + 39*u - 8. Let t be d(0). Suppose -c + 261 = 5*s + t, 0 = 4*s + c - 178. List the prime factors of s.
2, 11
Let v(o) = -o**3 + 8*o**2 - 15*o. Let t = 414 + -410. List the prime factors of v(t).
2
List the prime factors of ((-10)/15 + 7/6)/(13/17420).
2, 5, 67
Suppose 190898 + 675050 = 54*r + 6862. What are the prime factors of r?
3, 5303
Let z(s) = 8725*s + 795. List the prime factors of z(2).
5, 41, 89
Suppose 2*f - 4*h = 30105 + 38393, 4*h + 102749 = 3*f. What are the prime factors of f?
3, 7, 233
Let d = -371 + 637. Suppose -255*m = -d*m + 3861. List the prime factors of m.
3, 13
Let n = 56048 - 35015. List the prime factors of n.
3, 19, 41
Suppose 2*y + 3340 = p, -52*p - 10*y + 9988 = -49*p. List the prime factors of p.
2, 3, 139
Let z = 332 + 280. Suppose 776 = x + x. Let t = z - x. List the prime factors of t.
2, 7
Let n be ((-8)/(-2))/(1 - 3). Let t(l) be the second derivative of -7*l**3 - 3*l**2/2 - 2*l. What are the prime factors of t(n)?
3
Suppose 3*a + 5*y = 36, -3 + 5 = -a + 3*y. Let d(o) = -4*o + 28. Let p be d(a). Suppose p = 6*u - u - 935. What are the prime factors of u?
11, 17
Let y(n) = 15*n + 16. Let l(r) = r**2 - 16*r - 51. Let k be l(19). List the prime factors of y(k).
2, 53
Suppose 13471668 = 113*d + 181*d. What are the prime factors of d?
2, 3, 7, 1091
What are the prime factors of 7*(166/(-4))/((-123)/2706)?
7, 11, 83
Suppose 0 = -98*s + 94*s - 16, 0 = m - 4*s - 12363. List the prime factors of m.
12347
Suppose 286*v = 137*v + 1275291. List the prime factors of v.
3, 317
Let s(m) = 25*m**3 - 10*m**2 - 7*m + 4. Let w be s(5). Let z = -1408 + w. What are the prime factors of z?
2, 359
Suppose 31*g - 23*g = 55424. List the prime factors of g.
2, 433
Suppose 12*b - 13*b = 0. Suppose 2*o - p = -2*p + 212, 4*p + 16 = b. Suppose 4*w + 3*u = 5*u + o, -u + 4 = 0. What are the prime factors of w?
29
Let p(n) = -n**3 - 19*n**2 - 15*n + 58. Let l be p(-18). Suppose q = -l*k + 3216, -k + q - 514 = -1313. List the prime factors of k.
11, 73
Let t(m) = 234*m**2 + 1722*m + 11. List the prime factors of t(7).
23531
Suppose -208 = -d - 5*s, 4*d - 3*s = -d + 928. Suppose u - w = -5*w + d, 0 = -4*u - w + 737. What are the prime factors of u?
2, 23
Suppose 13*q = -5*b + 11*q - 20, b - 23 = 5*q. What are the prime factors of (-9 + 5)*(b - -1) - -337?
11, 31
Suppose n - 164 = f, -5*f = -0*n - 3*n + 498. Let z(q) = -q**2 - q + 5. Let r be z(10). Let s = r + n. What are the prime factors of s?
2, 7
Let m(y) = -21*y**3 + 10*y**2 + 3*y + 2. Let j(o) = 20*o**3 - 8*o**2 - 2*o - 3. Let r(a) = 4*j(a) + 3*m(a). List the prime factors of r(3).
2, 3, 73
Let f be (-2 - -1)*-101 + -1. Suppose 2 = d + 5*m, 19*d - 30 = 15*d + 2*m. Let y = f + d. List the prime factors of y.
107
Suppose 193*x = -2*q + 197*x + 22994, 4*q = -x + 46033. List the prime factors of q.
37, 311
Suppose 0 = -m - 3*k + 8 - 0, 2*k = m - 3. Suppose m*i - 745 = 2*w - 135, 488 = 4*i - w. Let p = -12 + i. List the prime factors of p.
2, 5, 11
Let n be (24*3)/(-2) + -2. Suppose 0 = -3*m - 104*m + 428. List the prime factors of n/19*(-274)/m.
137
Let x = 5 + 23. Suppose -96 = c + x. Let k = c - -178. List the prime factors of k.
2, 3
Suppose -4*x + 291994 + 128012 = 6*j, -2*j + 2*x = -140022. What are the prime factors of j?
3, 5, 13, 359
Suppose -4*f + 53*n + 83984 = 55*n, 0 = f - n - 21005. What are the prime factors of f?
11, 23, 83
Let x(l) = -10. Let h(j) = -j - 9. Let i(p) = 5*h(p) - 6*x(p). Let b be i(3). Suppose -z + 7*z - 402 = b. List the prime factors of z.
67
What are the prime factors of 30/(-50)*(-918765)/27?
17, 1201
Let b(k) = -k**2 - 48*k + 57. Let u be b(-26). Let r = u + 661. List the prime factors of r.
2, 3, 5, 43
Suppose 225 + 199 = c - 2*n, -3*n = -9. Let l = 447 + c. List the prime factors of l.
877
Let v(d) = 2*d**3 - 14*d + 21. Let m be v(3). Suppose 31*c = m*c - 278. List the prime factors of c.
139
Suppose -52*z = -18*z + 41241 - 139467. List the prime factors of z.
3, 107
Let l(m) = -m**2 + 7*m + 20. Let o be l(0). List the prime factors of -7*(-99 - o/5).
7, 103
What are the prime factors of (-630)/(-15)*(-3)/(27/(-18153))?
2, 3, 7, 2017
Suppose -m - 2*n - 43 = 0, -4*m - n + 2*n = 136. Let x = m + 38. Suppose -x*z + 334 = 4*t, 0*t + 5*t - 2*z = 406. List the prime factors of t.
2, 41
Suppose 4*n = -3*b + 25, -3*b + 19 = -0*b - 2*n. Suppose 4*k - b*k + 1290 = 0. What are the prime factors of k?
2, 5, 43
Suppose 3*a = p - 6024, -2*p + 2*a + 2403 + 9629 = 0. List the prime factors of p.
2, 3, 167
Suppose -14*q - 3111 = -11*q. Let x = -543 - q. List the prime factors of x.
2, 13, 19
Suppose 4*t + k = 3*k - 380, -2*t + 2*k = 186. Suppose 0*r - 3*z = 2*r + 4, -r - z - 3 = 0. What are the prime factors of (t/5)/(1/r)?
97
Let v(a) = -a**3 + 21*a**2 - 32*a - 7. Let l be v(18). Suppose 388*o = l*o - 422. What are the prime factors of o?
2, 211
Let y(g) = -g**3 + 37*g**2 - 96*g + 33. Let c be 31 + -5*24/(-20) + -4. List the prime factors of y(c).
3, 11, 37
What are the prime factors of (6507 - -11 - 13) + 14?
3, 41, 53
List the prime factors of (-10)/(-25)*(-205)/656 - (-212577)/8.
2, 7, 13, 73
Let l(o) = -3*o - 4*o - 11 - 8 + 9*o. Let x be l(9). List the prime factors of (-146)/(-3)*3/2 + x.
2, 3
Suppose -19*t + 232229 + 54382 = 30358. List the prime factors of t.
13487
Suppose 0 = 3*j - 0 + 12. Let i be 32/((-8)/(-2)) + j. Suppose -2*g - 2*x = -0*g - 174, 0 = -i*g - x + 339. What are the prime factors of g?
2, 3, 7
Suppose -134*c + 130*c = -52. What are the prime factors of ((-6)/9)/((65/(-660))/c)?
2, 11
Suppose -14*j + 2658 = -2634. Suppose 18 = 6*b - j. List the prime factors of b.
2, 3, 11
Suppose -4011 = -3*t + 4713. List the prime factors of t.
2, 727
Suppose -2*s = -g + 6 + 24, 120 = 4*g + 5*s. What are the prime factors of 5/(g/(-4)) - 1934/(-3)?
2, 7, 23
Suppose -186*h + 284*h - 345744 = 0. What are the prime factors of h?
2, 3, 7
Let x = 505 + -461. What are the prime factors of 958/18 - x/198?
53
Let b = -5636 + 5665. Let z be (0 - 1) + (169 - 0). Suppose c - b = z. List the prime factors of c.
197
Let m(h) = 3*h**2 + 8*h - 5. Let c be m(-6). Suppose 0 = b - 0*q + q - 19, c = 3*b + 4*q. Let o = 35 - b. List the prime factors of o.
2, 7
Let r(y) = y**2 - 12*y + 39. Let w be r(5). What are the prime factors of w/18 - 153544/(-306)?
2, 251
Suppose -4*t + 5*l - 1162 = 0, -3*t - 1430 = 2*t + 5*l. Let b = 356 + t. List the prime factors of b.
2, 17
Suppose 43*a - 2384 = 27*a. Suppose 2*u - 749 = a. What are the prime factors of u?
449
Let i = -1341 - -3029. Suppose -30*o + i = -28*o. Suppose 9*a - o - 182 = 0. What are the prime factors of a?
2, 3, 19
Suppose -294*d = -3*i - 296*d + 148528, -4*i - 5*d + 198021 = 0. What are the prime factors of i?
2, 19, 1303
Let b(x) = 26*x - 13. Let h(j) = j**2 + 5*j - 8. Let g be h(-7). Suppose 11*d - 6*d = -2*n + 22, -3*n - g = d. What are the prime factors of b(d)?
11, 13
Let p = -6479 + 11528. List the prime factors of p.
3, 11, 17
What are the prime factors of (1 + -2 - 3)/((-150)/984000)?
2, 5, 41
Let k be 1 - (2 + 2 + -1). Let a = k - -18. List the prime factors of (-3 - a)/(5/(-15)).
3, 19
Suppose 3*p = 2*l + 20, 2*p - 2*l = l + 15. List the prime factors of (180/p + 5)*(-26)/(-5).
2, 7, 13
Suppose -4*u = -9*u + r + 25845, 4*u = 4*r + 20692. List the prime factors of u.
2, 17, 19
Let x = -114 + 116. Suppose x*o - 855 = -2*v - 183, -v = 3*o - 334. List the prime factors of v.
337
Suppose -3*b = -3*q - 1173, -22*b - q + 1574 = -18*b. What are the prime factors of b?
3, 131
Let r(s) = 14728*s**2 - s - 76. List the prime factors of r(-2).
2, 13, 31, 73
Let u(q) = -70*q**3 - 11*q**2 + 16*q - 15. What are the prime factors of u(-6)?
3, 4871
Let s(m) = 28*m**2 - 88*m + 14. List the prime factors of s(5).
2, 137
Let a = -310 + 317. Suppose a*w = 3638 + 723. What are the prime factors of w?
7, 89
Let h(u) = 48*u - 38 + 0*u - 24*u + 46*u**2 + 49*u - 2*u**3 - 5*u**2. List the prime factors of h(22).
2, 29
Suppose 9*f - 66353